{"id":132,"date":"2025-08-31T13:17:50","date_gmt":"2025-08-31T13:17:50","guid":{"rendered":"https:\/\/blog.fenixinternacional.com\/blog\/?page_id=132"},"modified":"2025-08-31T13:50:42","modified_gmt":"2025-08-31T13:50:42","slug":"profesores","status":"publish","type":"page","link":"https:\/\/blog.fenixinternacional.com\/blog\/?page_id=132","title":{"rendered":"NUESTROS PROFESORES"},"content":{"rendered":"\n<div class=\"wp-block-columns is-layout-flex wp-container-core-columns-is-layout-28f84493 wp-block-columns-is-layout-flex\">\n<div class=\"wp-block-column has-ast-global-color-0-background-color has-background is-layout-flow wp-block-column-is-layout-flow\" style=\"border-radius:30px\">\n<p class=\"has-text-align-center has-ast-global-color-5-color has-text-color has-link-color has-medium-font-size wp-elements-7b344b3893e8645cad8b7024e375064b\"><strong>YUFEI<\/strong><br>Profesora de Chino Mandarin<\/p>\n\n\n\n<figure class=\"wp-block-image aligncenter size-full is-resized has-custom-border\"><img fetchpriority=\"high\" decoding=\"async\" width=\"188\" height=\"267\" src=\"https:\/\/blog.fenixinternacional.com\/blog\/wp-content\/uploads\/2025\/08\/YUFEI.png\" alt=\"\" class=\"wp-image-134\" style=\"border-radius:10px;box-shadow:var(--wp--preset--shadow--natural);width:265px;height:auto\"\/><\/figure>\n\n\n\n<p class=\"has-text-align-center has-ast-global-color-5-color has-text-color has-link-color wp-elements-06720b41fef6d11fae207200be575ca9\" style=\"margin-right:var(--wp--preset--spacing--20);margin-left:var(--wp--preset--spacing--20)\">Lic. en psicolog\u00eda, MBA, y con m\u00e1s de 10 a\u00f1os en docencia tanto en cursos culturales, de comercio con china como de diversos niveles de chino. Directora del instituto y coordinadora de las clases de chino, es autora de \u201cUruguay-China, claves para una negociaci\u00f3n exitosa\u201d, \u201cGram\u00e1tica del idioma chino para hispano hablantes I y II\u201d.<\/p>\n<\/div>\n\n\n\n<div class=\"wp-block-column has-ast-global-color-0-background-color has-background is-layout-flow wp-block-column-is-layout-flow\" style=\"border-radius:30px;box-shadow:var(--wp--preset--shadow--natural)\">\n<p class=\"has-text-align-center has-ast-global-color-5-color has-text-color has-link-color has-medium-font-size wp-elements-5ace8a0853afd19fe0095cec58f7c1b1\"><strong>OLGA<\/strong><br>Profesora de Ruso<\/p>\n\n\n\n<figure class=\"wp-block-image aligncenter size-full is-resized has-custom-border\"><img decoding=\"async\" width=\"187\" height=\"272\" src=\"https:\/\/blog.fenixinternacional.com\/blog\/wp-content\/uploads\/2025\/08\/olga.png\" alt=\"\" class=\"wp-image-139\" style=\"border-radius:10px;box-shadow:var(--wp--preset--shadow--natural);width:265px;height:auto\"\/><\/figure>\n\n\n\n<p class=\"has-text-align-center has-ast-global-color-5-color has-text-color has-link-color wp-elements-6360228df3d751dbd25259d7011f8764\" style=\"margin-right:var(--wp--preset--spacing--20);margin-left:var(--wp--preset--spacing--20)\">Olga recibi\u00f3 su formaci\u00f3n docente en el Instituto Pedag\u00f3gico de Rusia. Sus conocimiento se enriquecieron adem\u00e1s por haber vivido 36 a\u00f1os en Rusia, Ucrania, C\u00e1ucaso norte y cuenta con m\u00e1s de 10 a\u00f1os en docencia.<\/p>\n<\/div>\n\n\n\n<div class=\"wp-block-column has-ast-global-color-0-background-color has-background is-layout-flow wp-block-column-is-layout-flow\" style=\"border-radius:30px;box-shadow:var(--wp--preset--shadow--natural)\">\n<p class=\"has-text-align-center has-ast-global-color-5-color has-text-color has-link-color has-medium-font-size wp-elements-2e6dd6f9b446712a0183a9c041bd02d1\"><strong>Nicolas<\/strong><br>Profesor<\/p>\n\n\n\n<figure class=\"wp-block-image aligncenter size-full is-resized has-custom-border\"><img decoding=\"async\" width=\"187\" height=\"275\" src=\"https:\/\/blog.fenixinternacional.com\/blog\/wp-content\/uploads\/2025\/08\/nicolas.png\" alt=\"\" class=\"wp-image-143\" style=\"border-radius:10px;box-shadow:var(--wp--preset--shadow--natural);width:265px;height:auto\"\/><\/figure>\n\n\n\n<p class=\"has-text-align-center has-ast-global-color-5-color has-text-color has-link-color wp-elements-3b2304feaace9b850ccc4917a7057159\" style=\"margin-right:var(--wp--preset--spacing--20);margin-left:var(--wp--preset--spacing--20)\">Nicol\u00e1s es profesor de Idioma Japon\u00e9s. En 2018 tuvo la oportunidad de ir a estudiar a Jap\u00f3n, de estudiar su lengua y cultura.<\/p>\n<\/div>\n<\/div>\n\n\n\n<div class=\"wp-block-columns is-layout-flex wp-container-core-columns-is-layout-28f84493 wp-block-columns-is-layout-flex\">\n<div class=\"wp-block-column has-background is-layout-flow wp-block-column-is-layout-flow\" style=\"border-radius:30px;background-color:#4481d1\">\n<p class=\"has-text-align-center has-ast-global-color-5-color has-text-color has-link-color has-medium-font-size wp-elements-843116f5d8ab5f735d7e1519d40e11a3\"><strong>PILAR<\/strong><br>Profesora de Informatica<\/p>\n\n\n\n<figure class=\"wp-block-image aligncenter size-full is-resized has-custom-border\"><img loading=\"lazy\" decoding=\"async\" width=\"190\" height=\"274\" src=\"https:\/\/blog.fenixinternacional.com\/blog\/wp-content\/uploads\/2025\/08\/PILAR-1.png\" alt=\"\" class=\"wp-image-146\" style=\"border-radius:10px;box-shadow:var(--wp--preset--shadow--natural);width:265px;height:auto\"\/><\/figure>\n\n\n\n<p class=\"has-text-align-center has-ast-global-color-5-color has-text-color has-link-color wp-elements-1f902673e144be4aaedea72d2a4cda32\" style=\"margin-right:var(--wp--preset--spacing--20);margin-left:var(--wp--preset--spacing--20)\">Pilar es Argentina, en su pa\u00eds estudi\u00f3 para ser Contadora P\u00fablica. Luego en Uruguay estudi\u00f3 para ser Licenciada en Sistemas. Hoy en d\u00eda contin\u00faa estudiando temas relacionados con la inform\u00e1tica, como por ejemplo la ciberseguridad, IA, entre otros.<\/p>\n<\/div>\n\n\n\n<div class=\"wp-block-column has-background is-layout-flow wp-block-column-is-layout-flow\" style=\"border-radius:30px;background-color:#4481d1;box-shadow:var(--wp--preset--shadow--natural)\">\n<p class=\"has-text-align-center has-ast-global-color-5-color has-text-color has-link-color has-medium-font-size wp-elements-4e8ea41a573772997d61b17cfde3062a\"><strong>LETICIA<\/strong><br>Profesora de Informatica<\/p>\n\n\n\n<figure class=\"wp-block-image aligncenter size-full is-resized has-custom-border\"><img loading=\"lazy\" decoding=\"async\" width=\"187\" height=\"274\" src=\"https:\/\/blog.fenixinternacional.com\/blog\/wp-content\/uploads\/2025\/08\/LETICIA.png\" alt=\"\" class=\"wp-image-149\" style=\"border-radius:10px;box-shadow:var(--wp--preset--shadow--natural);width:265px;height:auto\"\/><\/figure>\n\n\n\n<p class=\"has-text-align-center has-ast-global-color-5-color has-text-color has-link-color wp-elements-1ca0da11131f0d21a0cf278266d87bbc\" style=\"margin-right:var(--wp--preset--spacing--20);margin-left:var(--wp--preset--spacing--20)\">Leticia estudi\u00f3 Ingenier\u00eda de Sistemas en la UDELAR. Despu\u00e9s ingres\u00f3 a Magisterio para trabajar por una beca. A ra\u00edz de eso, se enamor\u00f3 a\u00fan m\u00e1s de la docencia<\/p>\n<\/div>\n\n\n\n<div class=\"wp-block-column has-background is-layout-flow wp-block-column-is-layout-flow\" style=\"border-radius:30px;background-color:#4481d1;box-shadow:var(--wp--preset--shadow--natural)\">\n<p class=\"has-text-align-center has-ast-global-color-5-color has-text-color has-link-color has-medium-font-size wp-elements-ad73ffc7e9a610ae84ec74e45509d5c3\"><strong>CONO<\/strong><br> Profesor de Informatica<\/p>\n\n\n\n<figure class=\"wp-block-image aligncenter size-full is-resized has-custom-border\"><img loading=\"lazy\" decoding=\"async\" width=\"225\" height=\"326\" src=\"https:\/\/blog.fenixinternacional.com\/blog\/wp-content\/uploads\/2025\/08\/cono.png\" alt=\"\" class=\"wp-image-153\" style=\"border-radius:10px;box-shadow:var(--wp--preset--shadow--natural);width:265px;height:auto\" srcset=\"https:\/\/blog.fenixinternacional.com\/blog\/wp-content\/uploads\/2025\/08\/cono.png 225w, https:\/\/blog.fenixinternacional.com\/blog\/wp-content\/uploads\/2025\/08\/cono-207x300.png 207w\" sizes=\"(max-width: 225px) 100vw, 225px\" \/><\/figure>\n\n\n\n<p class=\"has-text-align-center has-ast-global-color-5-color has-text-color has-link-color wp-elements-382d6d66632a5d62d8abaf7fa1e1de29\" style=\"margin-right:var(--wp--preset--spacing--20);margin-left:var(--wp--preset--spacing--20)\">Cono es analista inform\u00e1tico. Adicionalmente, tiene formaci\u00f3n en lo que es seguridad inform\u00e1tica, hacking \u00e9tico y testing de aplicaciones.<\/p>\n<\/div>\n<\/div>\n\n\n\n<div class=\"wp-block-columns is-layout-flex wp-container-core-columns-is-layout-28f84493 wp-block-columns-is-layout-flex\">\n<div class=\"wp-block-column has-background is-layout-flow wp-block-column-is-layout-flow\" style=\"border-radius:30px;background-color:#4481d1;box-shadow:var(--wp--preset--shadow--natural)\">\n<p class=\"has-text-align-center has-ast-global-color-5-color has-text-color has-link-color has-medium-font-size wp-elements-6f2fad2b93f3f0577e298b8d8e2f7959\"><strong>ANTONELLA<\/strong><br>Profesora de Competencias Transversales<\/p>\n\n\n\n<figure class=\"wp-block-image aligncenter size-full is-resized has-custom-border\"><img loading=\"lazy\" decoding=\"async\" width=\"188\" height=\"273\" src=\"https:\/\/blog.fenixinternacional.com\/blog\/wp-content\/uploads\/2025\/08\/ANTONELLA.png\" alt=\"\" class=\"wp-image-148\" style=\"border-radius:10px;box-shadow:var(--wp--preset--shadow--natural);width:265px;height:auto\"\/><\/figure>\n\n\n\n<p class=\"has-text-align-center has-ast-global-color-5-color has-text-color has-link-color wp-elements-0482fdba33c10ed1d6adad8cbd64c9bd\" style=\"margin-right:var(--wp--preset--spacing--20);margin-left:var(--wp--preset--spacing--20)\">Antonella es psic\u00f3loga desde hace dos a\u00f1os. Adem\u00e1s trabaja como investigadora en todo lo que tiene que con el cerebro, la neurociencia y la salud mental.<\/p>\n<\/div>\n\n\n\n<div class=\"wp-block-column has-background is-layout-flow wp-block-column-is-layout-flow\" style=\"border-radius:30px;background-color:#4481d1\">\n<p class=\"has-text-align-center has-ast-global-color-5-color has-text-color has-link-color has-medium-font-size wp-elements-d62ace7ed5b49353eeb374cfc3452856\"><strong>NATALIA<\/strong><br>Profesora de Competencias Transversales<\/p>\n\n\n\n<figure class=\"wp-block-image aligncenter size-full is-resized has-custom-border\"><img loading=\"lazy\" decoding=\"async\" width=\"223\" height=\"322\" src=\"https:\/\/blog.fenixinternacional.com\/blog\/wp-content\/uploads\/2025\/08\/Captura-de-pantalla-2025-08-31-104207.png\" alt=\"\" class=\"wp-image-155\" style=\"border-radius:10px;box-shadow:var(--wp--preset--shadow--natural);width:265px;height:auto\" srcset=\"https:\/\/blog.fenixinternacional.com\/blog\/wp-content\/uploads\/2025\/08\/Captura-de-pantalla-2025-08-31-104207.png 223w, https:\/\/blog.fenixinternacional.com\/blog\/wp-content\/uploads\/2025\/08\/Captura-de-pantalla-2025-08-31-104207-208x300.png 208w\" sizes=\"(max-width: 223px) 100vw, 223px\" \/><\/figure>\n\n\n\n<p class=\"has-text-align-center has-ast-global-color-5-color has-text-color has-link-color wp-elements-ae731ee7c708a9b9e0d1c65fcb120da2\" style=\"margin-right:var(--wp--preset--spacing--20);margin-left:var(--wp--preset--spacing--20)\">Natalia es psic\u00f3loga con formaci\u00f3n y experiencia en recursos humanos.<\/p>\n<\/div>\n\n\n\n<div class=\"wp-block-column has-background is-layout-flow wp-block-column-is-layout-flow\" style=\"border-radius:30px;background-color:#4481d1;box-shadow:var(--wp--preset--shadow--natural)\">\n<p class=\"has-text-align-center has-ast-global-color-5-color has-text-color has-link-color has-medium-font-size wp-elements-84b80a5eb2332237bcffada939544cdb\"><strong>FRANCISCO<\/strong><br>Profesor de Hoteler\u00eda<\/p>\n\n\n\n<figure class=\"wp-block-image aligncenter size-full is-resized has-custom-border\"><img loading=\"lazy\" decoding=\"async\" width=\"223\" height=\"325\" src=\"https:\/\/blog.fenixinternacional.com\/blog\/wp-content\/uploads\/2025\/08\/Captura-de-pantalla-2025-08-31-104349.png\" alt=\"\" class=\"wp-image-157\" style=\"border-radius:10px;box-shadow:var(--wp--preset--shadow--natural);width:265px;height:auto\" srcset=\"https:\/\/blog.fenixinternacional.com\/blog\/wp-content\/uploads\/2025\/08\/Captura-de-pantalla-2025-08-31-104349.png 223w, https:\/\/blog.fenixinternacional.com\/blog\/wp-content\/uploads\/2025\/08\/Captura-de-pantalla-2025-08-31-104349-206x300.png 206w\" sizes=\"(max-width: 223px) 100vw, 223px\" \/><\/figure>\n\n\n\n<p class=\"has-text-align-center has-ast-global-color-5-color has-text-color has-link-color wp-elements-0c99184fe24512fed7cb35bc1df71136\" style=\"margin-right:var(--wp--preset--spacing--20);margin-left:var(--wp--preset--spacing--20)\">Francisco lleva 25 a\u00f1os en el rubro de la hoteler\u00eda, habiendo pasado por la gran mayor\u00eda de puestos. Esto le permite tener un amplio conocimiento sobre el rubro.<\/p>\n<\/div>\n<\/div>\n\n\n\n<div class=\"wp-block-columns is-layout-flex wp-container-core-columns-is-layout-28f84493 wp-block-columns-is-layout-flex\">\n<div class=\"wp-block-column has-background is-layout-flow wp-block-column-is-layout-flow\" style=\"border-radius:30px;background-color:#4481d1;box-shadow:var(--wp--preset--shadow--natural)\">\n<p class=\"has-text-align-center has-ast-global-color-5-color has-text-color has-link-color has-medium-font-size wp-elements-078bc42b512b9c82c6539eebd86d3283\"><strong>NATALIA<\/strong><br>Profesora de Informatica<\/p>\n\n\n\n<figure class=\"wp-block-image aligncenter size-full is-resized has-custom-border\"><img loading=\"lazy\" decoding=\"async\" width=\"226\" height=\"327\" src=\"https:\/\/blog.fenixinternacional.com\/blog\/wp-content\/uploads\/2025\/08\/NATALIA.png\" alt=\"\" class=\"wp-image-161\" style=\"border-radius:10px;box-shadow:var(--wp--preset--shadow--natural);width:265px;height:auto\" srcset=\"https:\/\/blog.fenixinternacional.com\/blog\/wp-content\/uploads\/2025\/08\/NATALIA.png 226w, https:\/\/blog.fenixinternacional.com\/blog\/wp-content\/uploads\/2025\/08\/NATALIA-207x300.png 207w\" sizes=\"(max-width: 226px) 100vw, 226px\" \/><\/figure>\n\n\n\n<p class=\"has-text-align-center has-ast-global-color-5-color has-text-color has-link-color wp-elements-0afe48a923ff16ff074898558d1fc2c7\" style=\"margin-right:var(--wp--preset--spacing--20);margin-left:var(--wp--preset--spacing--20)\">Natalia es docente desde el 2011, que empez\u00f3 a dar clases en la Facultad de Ciencias Econ\u00f3micas. Adem\u00e1s es Ingeniera El\u00e9ctrica.<\/p>\n<\/div>\n\n\n\n<div class=\"wp-block-column has-background is-layout-flow wp-block-column-is-layout-flow\" style=\"border-radius:30px;background-color:#4481d1;box-shadow:var(--wp--preset--shadow--natural)\">\n<p class=\"has-text-align-center has-ast-global-color-5-color has-text-color has-link-color has-medium-font-size wp-elements-043b5fdb449098d4678bca681e5dc28b\"><strong>AGUSTINA<\/strong><br>Profesora de Log\u00edstica<\/p>\n\n\n\n<figure class=\"wp-block-image aligncenter size-full is-resized has-custom-border\"><img loading=\"lazy\" decoding=\"async\" width=\"223\" height=\"325\" src=\"https:\/\/blog.fenixinternacional.com\/blog\/wp-content\/uploads\/2025\/08\/Captura-de-pantalla-2025-08-31-104602.png\" alt=\"\" class=\"wp-image-159\" style=\"border-radius:10px;box-shadow:var(--wp--preset--shadow--natural);width:265px;height:auto\" srcset=\"https:\/\/blog.fenixinternacional.com\/blog\/wp-content\/uploads\/2025\/08\/Captura-de-pantalla-2025-08-31-104602.png 223w, https:\/\/blog.fenixinternacional.com\/blog\/wp-content\/uploads\/2025\/08\/Captura-de-pantalla-2025-08-31-104602-206x300.png 206w\" sizes=\"(max-width: 223px) 100vw, 223px\" \/><\/figure>\n\n\n\n<p class=\"has-text-align-center has-ast-global-color-5-color has-text-color has-link-color wp-elements-17aa5a5201b74341283f6efc7b380897\" style=\"margin-right:var(--wp--preset--spacing--20);margin-left:var(--wp--preset--spacing--20)\">Agustina es t\u00e9cnica en log\u00edstica, t\u00e9cnica del sistema de gesti\u00f3n de calidad de la norma UNITISO. Estudi\u00f3 Derecho Aduanero en la Universidad de Montevideo y Comercio Exterior en la ORT.<\/p>\n<\/div>\n\n\n\n<div class=\"wp-block-column has-background is-layout-flow wp-block-column-is-layout-flow\" style=\"border-radius:30px;background-color:#4481d1\">\n<p class=\"has-text-align-center has-ast-global-color-5-color has-text-color has-link-color has-medium-font-size wp-elements-83ffddf6b366134fb35d34c0452ae42a\"><strong>LAURA<\/strong><br>Profesora<\/p>\n\n\n\n<figure class=\"wp-block-image aligncenter size-full is-resized has-custom-border\"><img loading=\"lazy\" decoding=\"async\" width=\"224\" height=\"325\" src=\"https:\/\/blog.fenixinternacional.com\/blog\/wp-content\/uploads\/2025\/08\/laura.png\" alt=\"\" class=\"wp-image-160\" style=\"border-radius:10px;box-shadow:var(--wp--preset--shadow--natural);width:265px;height:auto\" srcset=\"https:\/\/blog.fenixinternacional.com\/blog\/wp-content\/uploads\/2025\/08\/laura.png 224w, https:\/\/blog.fenixinternacional.com\/blog\/wp-content\/uploads\/2025\/08\/laura-207x300.png 207w\" sizes=\"(max-width: 224px) 100vw, 224px\" \/><\/figure>\n\n\n\n<p class=\"has-text-align-center has-ast-global-color-5-color has-text-color has-link-color wp-elements-2f24f46aaae64b4eea2a189f37f3b589\" style=\"margin-right:var(--wp--preset--spacing--20);margin-left:var(--wp--preset--spacing--20)\">Laura es egresada de la Escuela de Psicolog\u00eda Social Pich\u00f3n-Riviere. Adem\u00e1s es profesora de espa\u00f1ol como lengua extranjera, coach de equipos, docente de recursos humanos y de habilidades digitales.<\/p>\n<\/div>\n<\/div>\n","protected":false},"excerpt":{"rendered":"<p>YUFEIProfesora de Chino Mandarin Lic. en psicolog\u00eda, MBA, y con m\u00e1s de 10 a\u00f1os en docencia tanto en cursos culturales, de comercio con china como de diversos niveles de chino. Directora del instituto y coordinadora de las clases de chino, es autora de \u201cUruguay-China, claves para una negociaci\u00f3n exitosa\u201d, \u201cGram\u00e1tica del idioma chino para hispano [&hellip;]<\/p>\n","protected":false},"author":1,"featured_media":0,"parent":0,"menu_order":0,"comment_status":"closed","ping_status":"closed","template":"","meta":{"site-sidebar-layout":"default","site-content-layout":"","ast-site-content-layout":"default","site-content-style":"default","site-sidebar-style":"default","ast-global-header-display":"","ast-banner-title-visibility":"","ast-main-header-display":"","ast-hfb-above-header-display":"","ast-hfb-below-header-display":"","ast-hfb-mobile-header-display":"","site-post-title":"","ast-breadcrumbs-content":"","ast-featured-img":"","footer-sml-layout":"","theme-transparent-header-meta":"","adv-header-id-meta":"","stick-header-meta":"","header-above-stick-meta":"","header-main-stick-meta":"","header-below-stick-meta":"","astra-migrate-meta-layouts":"default","ast-page-background-enabled":"default","ast-page-background-meta":{"desktop":{"background-color":"var(--ast-global-color-5)","background-image":"","background-repeat":"repeat","background-position":"center center","background-size":"auto","background-attachment":"scroll","background-type":"","background-media":"","overlay-type":"","overlay-color":"","overlay-opacity":"","overlay-gradient":""},"tablet":{"background-color":"","background-image":"","background-repeat":"repeat","background-position":"center center","background-size":"auto","background-attachment":"scroll","background-type":"","background-media":"","overlay-type":"","overlay-color":"","overlay-opacity":"","overlay-gradient":""},"mobile":{"background-color":"","background-image":"","background-repeat":"repeat","background-position":"center center","background-size":"auto","background-attachment":"scroll","background-type":"","background-media":"","overlay-type":"","overlay-color":"","overlay-opacity":"","overlay-gradient":""}},"ast-content-background-meta":{"desktop":{"background-color":"var(--ast-global-color-4)","background-image":"","background-repeat":"repeat","background-position":"center center","background-size":"auto","background-attachment":"scroll","background-type":"","background-media":"","overlay-type":"","overlay-color":"","overlay-opacity":"","overlay-gradient":""},"tablet":{"background-color":"var(--ast-global-color-4)","background-image":"","background-repeat":"repeat","background-position":"center center","background-size":"auto","background-attachment":"scroll","background-type":"","background-media":"","overlay-type":"","overlay-color":"","overlay-opacity":"","overlay-gradient":""},"mobile":{"background-color":"var(--ast-global-color-4)","background-image":"","background-repeat":"repeat","background-position":"center center","background-size":"auto","background-attachment":"scroll","background-type":"","background-media":"","overlay-type":"","overlay-color":"","overlay-opacity":"","overlay-gradient":""}},"footnotes":""},"class_list":["post-132","page","type-page","status-publish","hentry"],"jetpack_sharing_enabled":true,"_links":{"self":[{"href":"https:\/\/blog.fenixinternacional.com\/blog\/index.php?rest_route=\/wp\/v2\/pages\/132","targetHints":{"allow":["GET"]}}],"collection":[{"href":"https:\/\/blog.fenixinternacional.com\/blog\/index.php?rest_route=\/wp\/v2\/pages"}],"about":[{"href":"https:\/\/blog.fenixinternacional.com\/blog\/index.php?rest_route=\/wp\/v2\/types\/page"}],"author":[{"embeddable":true,"href":"https:\/\/blog.fenixinternacional.com\/blog\/index.php?rest_route=\/wp\/v2\/users\/1"}],"replies":[{"embeddable":true,"href":"https:\/\/blog.fenixinternacional.com\/blog\/index.php?rest_route=%2Fwp%2Fv2%2Fcomments&post=132"}],"version-history":[{"count":17,"href":"https:\/\/blog.fenixinternacional.com\/blog\/index.php?rest_route=\/wp\/v2\/pages\/132\/revisions"}],"predecessor-version":[{"id":163,"href":"https:\/\/blog.fenixinternacional.com\/blog\/index.php?rest_route=\/wp\/v2\/pages\/132\/revisions\/163"}],"wp:attachment":[{"href":"https:\/\/blog.fenixinternacional.com\/blog\/index.php?rest_route=%2Fwp%2Fv2%2Fmedia&parent=132"}],"curies":[{"name":"wp","href":"https:\/\/api.w.org\/{rel}","templated":true}]}}